{"id":2,"date":"2025-10-30T08:34:07","date_gmt":"2025-10-30T08:34:07","guid":{"rendered":"https:\/\/jiiteekoo.fi\/?page_id=2"},"modified":"2025-12-11T11:36:39","modified_gmt":"2025-12-11T11:36:39","slug":"sample-page","status":"publish","type":"page","link":"https:\/\/jiiteekoo.fi\/","title":{"rendered":"Sample Page"},"content":{"rendered":"<p>[et_pb_section fb_built=&#8221;1&#8243; fullwidth=&#8221;on&#8221; _builder_version=&#8221;4.27.4&#8243; _module_preset=&#8221;default&#8221; global_colors_info=&#8221;{}&#8221;][et_pb_fullwidth_slider _builder_version=&#8221;4.27.4&#8243; _module_preset=&#8221;default&#8221; global_colors_info=&#8221;{}&#8221;][et_pb_slide heading=&#8221;Monipuoliset kilpi,- kaiverrus -ja tekstiilipainopalvelut Varkaudessa&#8221; use_text_overlay=&#8221;on&#8221; _builder_version=&#8221;4.27.4&#8243; _module_preset=&#8221;default&#8221; body_font_size=&#8221;20px&#8221; background_color=&#8221;rgba(234,97,0,0.61)&#8221; background_enable_color=&#8221;on&#8221; background_image=&#8221;https:\/\/jiiteekoo.fi\/wp-content\/uploads\/2025\/10\/WhatsApp-Image-2025-10-30-at-11.00.44.jpeg&#8221; background_enable_image=&#8221;on&#8221; background_size=&#8221;stretch&#8221; background_blend=&#8221;overlay&#8221; global_colors_info=&#8221;{}&#8221; sticky_transition=&#8221;on&#8221;]<\/p>\n<p style=\"text-align: center;\"><span>JiiTeeKoo Oy on kaiverrus- ja tulostusalan moniosaaja, joka palvelee teollisuusj\u00e4ttej\u00e4, pk-yrityksi\u00e4 ja yksityisasiakkaita ymp\u00e4ri maailmaa.<br \/>Tarjoamme tarkkaa lasermerkkausta, kest\u00e4v\u00e4\u00e4 timanttikaiverrusta, laadukkaita liikennemerkkituotteita sek\u00e4 n\u00e4ytt\u00e4vi\u00e4 palkintoja ja muistolaattoja.<\/span><\/p>\n<p style=\"text-align: center;\"><span>Meilt\u00e4 saat my\u00f6s opasteet, siirtomerkit, teipit ja suurkuvatulosteet \u2013 kaikki r\u00e4\u00e4t\u00e4l\u00f6ityn\u00e4 tarpeisiisi.<br \/>Valikoimassamme on lis\u00e4ksi tunnettuja oheistuotteita kuten Leatherman ja LedLenser.<\/span><\/p>\n<p style=\"text-align: center;\"><span><strong>JK-paino<\/strong> tarjoaa Varkaudessa laadukasta tekstiilipainatusta huppareista liikelahjoihin.<br \/>Palvelemme urheiluseuroja, yrityksi\u00e4 ja yksityisasiakkaita \u2013 voit valita tekstiilit meilt\u00e4 tai tuoda omasi, painamme ne nopeasti ja ammattitaidolla.<\/span><\/p>\n<p>[\/et_pb_slide][\/et_pb_fullwidth_slider][\/et_pb_section][et_pb_section fb_built=&#8221;1&#8243; admin_label=&#8221;section&#8221; _builder_version=&#8221;4.16&#8243; global_colors_info=&#8221;{}&#8221;][et_pb_row _builder_version=&#8221;4.27.4&#8243; _module_preset=&#8221;default&#8221; global_colors_info=&#8221;{}&#8221;][et_pb_column type=&#8221;4_4&#8243; _builder_version=&#8221;4.27.4&#8243; _module_preset=&#8221;default&#8221; global_colors_info=&#8221;{}&#8221;][et_pb_text module_id=&#8221;palvelut&#8221; module_class=&#8221;palvelut&#8221; _builder_version=&#8221;4.27.4&#8243; _module_preset=&#8221;default&#8221; header_font_size=&#8221;44px&#8221; global_colors_info=&#8221;{}&#8221;]<\/p>\n<h1 style=\"text-align: center;\">Palvelut<\/h1>\n<p>[\/et_pb_text][\/et_pb_column][\/et_pb_row][et_pb_row column_structure=&#8221;1_2,1_2&#8243; _builder_version=&#8221;4.27.4&#8243; _module_preset=&#8221;default&#8221; global_colors_info=&#8221;{}&#8221;][et_pb_column type=&#8221;1_2&#8243; _builder_version=&#8221;4.27.4&#8243; _module_preset=&#8221;default&#8221; global_colors_info=&#8221;{}&#8221;][et_pb_image src=&#8221;https:\/\/jiiteekoo.fi\/wp-content\/uploads\/2025\/10\/image4-3.png&#8221; title_text=&#8221;image(4)&#8221; align=&#8221;center&#8221; _builder_version=&#8221;4.27.4&#8243; _module_preset=&#8221;default&#8221; width=&#8221;100%&#8221; global_colors_info=&#8221;{}&#8221;][\/et_pb_image][et_pb_image src=&#8221;https:\/\/jiiteekoo.fi\/wp-content\/uploads\/2025\/10\/image5-\u2013-kopio.png&#8221; title_text=&#8221;image(5) \u2013 kopio&#8221; align=&#8221;center&#8221; _builder_version=&#8221;4.27.4&#8243; _module_preset=&#8221;default&#8221; width=&#8221;100%&#8221; global_colors_info=&#8221;{}&#8221;][\/et_pb_image][et_pb_text _builder_version=&#8221;4.27.4&#8243; _module_preset=&#8221;default&#8221; text_text_color=&#8221;#000000&#8243; global_colors_info=&#8221;{}&#8221;]<\/p>\n<p><span>JiiTeeKoo on kaiverrus- ja tulostusalan monitoimiyritys, joka palvelee niin globaaleja teollisuusyrityksi\u00e4 kuin paikallisia pk-yrityksi\u00e4 ja yksityisasiakkaita. Tarjoamme monipuoliset ja laadukkaat ratkaisut merkint\u00e4\u00e4n, opastukseen ja visuaaliseen viestint\u00e4\u00e4n.<\/span><\/p>\n<p><span><strong>Lasermerkkaus<\/strong><br \/>Tarkkaa ja kest\u00e4v\u00e4\u00e4 merkkausta ter\u00e4kseen, alumiiniin, muoviin, puuhun ja nahkaan \u2013 soveltuu teollisuuden laitekilpiin, kaapelikilpiin, nimineuloihin ja postilaatikkonimiin.<\/span><\/p>\n<p><span><strong>Liikennemerkit<\/strong><br \/>Valikoimassamme liikennemerkit, putket, kiinnikkeet, kevytpuomit ja muut liikenteenohjaustuotteet.<\/span><\/p>\n<p><span><strong>Palkinnot ja laatat<\/strong><br \/>Tarjoamme n\u00e4ytt\u00e4v\u00e4t palkinnot, mitalit ja kaiverruslaatat eri materiaaleista kuten messinki, tina ja alumiini.<\/span><\/p>\n<p><span><strong>Timantti- ja korukaiverrus<\/strong><br \/>Tyylikk\u00e4\u00e4t ja kest\u00e4v\u00e4t kaiverrukset esimerkiksi puukkoihin, ovikilpiin, muistolaattoihin ja palkintoihin.<\/span><\/p>\n<p><span><strong>Tarrat ja siirtomerkit<\/strong><br \/>Teipit ja siirtonumerot sis\u00e4- ja ulkok\u00e4ytt\u00f6\u00f6n, opasteisiin, ikkunoihin ja ajoneuvoihin.<\/span><\/p>\n<p><span><strong>Oheistuotteet<\/strong><br \/>Valikoimassamme tunnetut tuotemerkit kuten Leatherman ja LedLenser.<\/span><\/p>\n<p><span><strong>Opasteet<\/strong><br \/>Sis\u00e4- ja ulko-opasteet kiinteist\u00f6ihin ja teollisuuteen \u2013 poistumistiet, kielto- ja ohjemerkit, talonnumerot ja opastetaulut.<\/span><\/p>\n<p><span><strong>Suurkuvatulosteet<\/strong><\/span><\/p>\n<p>[\/et_pb_text][\/et_pb_column][et_pb_column type=&#8221;1_2&#8243; _builder_version=&#8221;4.27.4&#8243; _module_preset=&#8221;default&#8221; global_colors_info=&#8221;{}&#8221;][et_pb_image title_text=&#8221;cropped-jk-painologo-removebg-preview&#8221; align=&#8221;center&#8221; module_id=&#8221;jkpaino&#8221; module_class=&#8221;jkpaino&#8221; _builder_version=&#8221;4.27.4&#8243; _module_preset=&#8221;default&#8221; width=&#8221;74%&#8221; custom_margin=&#8221;||-38px|||&#8221; global_colors_info=&#8221;{}&#8221;][\/et_pb_image][et_pb_image src=&#8221;https:\/\/jiiteekoo.fi\/wp-content\/uploads\/2025\/10\/image5.png&#8221; title_text=&#8221;image(5)&#8221; align=&#8221;center&#8221; _builder_version=&#8221;4.27.4&#8243; _module_preset=&#8221;default&#8221; width=&#8221;68%&#8221; custom_padding=&#8221;30px|||||&#8221; global_colors_info=&#8221;{}&#8221;][\/et_pb_image][et_pb_text _builder_version=&#8221;4.27.4&#8243; _module_preset=&#8221;default&#8221; text_text_color=&#8221;#000000&#8243; global_colors_info=&#8221;{}&#8221;]<\/p>\n<p><span>JK-paino on Varkaudessa toimiva tekstiilipaino, joka tarjoaa laadukkaita painopalveluita urheiluseuroille, yrityksille, yhdistyksille ja yksityisasiakkaille. Meilt\u00e4 saat kaiken tarvittavan n\u00e4kyvyyteen, joukkuehenkeen ja br\u00e4ndin vahvistamiseen \u2013 nopeasti, joustavasti ja ammattitaidolla.<\/span><\/p>\n<p><span><strong>Tekstiilipainatus<\/strong><br \/>Valikoimastamme l\u00f6yd\u00e4t hupparit, t-paidat, pipot, takit ja liikelahjat eri k\u00e4ytt\u00f6tarkoituksiin. Voit valita tuotteet luotettavilta toimittajiltamme tai tuoda omat tekstiilisi \u2013 painamme ne molemmissa tapauksissa laadukkaasti ja toiveidesi mukaan.<\/span><\/p>\n<p><span><strong>Urheiluasut ja seuratuotteet<br \/><\/strong>Tarjoamme painatuksia urheiluseurojen peliasuihin, fanituotteisiin ja tapahtumatekstiileihin. Autamme luomaan yhten\u00e4isen ja n\u00e4ytt\u00e4v\u00e4n ilmeen, joka tukee seuran identiteetti\u00e4.<\/span><\/p>\n<p><span><strong>Yritystekstiilit ja liikelahjat<br \/><\/strong>Yrityksille tarjoamme painettuja ty\u00f6vaatteita, kampanjatekstiilej\u00e4 ja liikelahjoja, jotka vahvistavat br\u00e4ndi\u00e4 ja n\u00e4kyvyytt\u00e4. Sopii erinomaisesti messuille, asiakastapaamisiin ja henkil\u00f6st\u00f6lle.<\/span><\/p>\n<p><span><strong>Ajoneuvo- ja ikkunateippaukset<br \/><\/strong>Teemme teille asennusvalmiit teipit autoihin, pakettiautoihin ja ikkunoihin \u2013 olipa kyseess\u00e4 mainos, opaste tai tyylik\u00e4s yksityiskohta. Teippimme kest\u00e4v\u00e4t s\u00e4\u00e4t\u00e4 ja katseita. Asennuksesta neuvoteltava erikseen.<\/span><\/p>\n<p>[\/et_pb_text][\/et_pb_column][\/et_pb_row][\/et_pb_section][et_pb_section fb_built=&#8221;1&#8243; _builder_version=&#8221;4.27.4&#8243; _module_preset=&#8221;default&#8221; background_color=&#8221;#ea6100&#8243; global_colors_info=&#8221;{}&#8221;][et_pb_row _builder_version=&#8221;4.27.4&#8243; _module_preset=&#8221;default&#8221; global_colors_info=&#8221;{}&#8221;][et_pb_column type=&#8221;4_4&#8243; _builder_version=&#8221;4.27.4&#8243; _module_preset=&#8221;default&#8221; global_colors_info=&#8221;{}&#8221;][et_pb_text module_id=&#8221;referenssit&#8221; module_class=&#8221;referenssit&#8221; _builder_version=&#8221;4.27.4&#8243; _module_preset=&#8221;default&#8221; header_font_size=&#8221;44px&#8221; global_colors_info=&#8221;{}&#8221;]<\/p>\n<h1 style=\"text-align: center;\">Referenssit<\/h1>\n<p>[\/et_pb_text][\/et_pb_column][\/et_pb_row][et_pb_row column_structure=&#8221;1_2,1_2&#8243; _builder_version=&#8221;4.27.4&#8243; _module_preset=&#8221;default&#8221; global_colors_info=&#8221;{}&#8221;][et_pb_column type=&#8221;1_2&#8243; _builder_version=&#8221;4.27.4&#8243; _module_preset=&#8221;default&#8221; global_colors_info=&#8221;{}&#8221;][et_pb_image src=&#8221;https:\/\/jiiteekoo.fi\/wp-content\/uploads\/2025\/10\/WhatsApp-Image-2025-10-30-at-11.53.41.jpeg&#8221; title_text=&#8221;WhatsApp Image 2025-10-30 at 11.53.41&#8243; _builder_version=&#8221;4.27.4&#8243; _module_preset=&#8221;default&#8221; global_colors_info=&#8221;{}&#8221;][\/et_pb_image][et_pb_image src=&#8221;https:\/\/jiiteekoo.fi\/wp-content\/uploads\/2025\/10\/WhatsApp-Image-2025-10-30-at-11.54.56.jpeg&#8221; title_text=&#8221;WhatsApp Image 2025-10-30 at 11.54.56&#8243; _builder_version=&#8221;4.27.4&#8243; _module_preset=&#8221;default&#8221; global_colors_info=&#8221;{}&#8221;][\/et_pb_image][\/et_pb_column][et_pb_column type=&#8221;1_2&#8243; _builder_version=&#8221;4.27.4&#8243; _module_preset=&#8221;default&#8221; global_colors_info=&#8221;{}&#8221;][et_pb_image src=&#8221;https:\/\/jiiteekoo.fi\/wp-content\/uploads\/2025\/10\/WhatsApp-Image-2025-10-30-at-11.55.26.jpeg&#8221; title_text=&#8221;WhatsApp Image 2025-10-30 at 11.55.26&#8243; _builder_version=&#8221;4.27.4&#8243; _module_preset=&#8221;default&#8221; global_colors_info=&#8221;{}&#8221;][\/et_pb_image][et_pb_image src=&#8221;https:\/\/jiiteekoo.fi\/wp-content\/uploads\/2025\/10\/WhatsApp-Image-2025-10-30-at-11.54.17.jpeg&#8221; title_text=&#8221;WhatsApp Image 2025-10-30 at 11.54.17&#8243; _builder_version=&#8221;4.27.4&#8243; _module_preset=&#8221;default&#8221; global_colors_info=&#8221;{}&#8221;][\/et_pb_image][\/et_pb_column][\/et_pb_row][\/et_pb_section][et_pb_section fb_built=&#8221;1&#8243; _builder_version=&#8221;4.27.4&#8243; _module_preset=&#8221;default&#8221; background_color=&#8221;#FFFFFF&#8221; global_colors_info=&#8221;{}&#8221;][et_pb_row _builder_version=&#8221;4.27.4&#8243; _module_preset=&#8221;default&#8221; hover_enabled=&#8221;0&#8243; global_colors_info=&#8221;{}&#8221; sticky_enabled=&#8221;0&#8243;][et_pb_column type=&#8221;4_4&#8243; _builder_version=&#8221;4.27.4&#8243; _module_preset=&#8221;default&#8221; global_colors_info=&#8221;{}&#8221;][et_pb_text module_id=&#8221;yhteystiedot&#8221; module_class=&#8221;yhteystiedot&#8221; _builder_version=&#8221;4.27.4&#8243; _module_preset=&#8221;default&#8221; header_text_color=&#8221;#000000&#8243; hover_enabled=&#8221;0&#8243; global_colors_info=&#8221;{}&#8221; sticky_enabled=&#8221;0&#8243;]<\/p>\n<h1 style=\"text-align: center;\">Yhteystiedot<\/h1>\n<p>[\/et_pb_text][et_pb_text _builder_version=&#8221;4.27.4&#8243; _module_preset=&#8221;default&#8221; text_text_color=&#8221;#000000&#8243; text_font_size=&#8221;20px&#8221; link_text_color=&#8221;#000000&#8243; hover_enabled=&#8221;0&#8243; global_colors_info=&#8221;{}&#8221; sticky_enabled=&#8221;0&#8243;]<\/p>\n<p style=\"text-align: center;\">JiiTeeKoo Oy<br \/>Y-tunnus 2881254-5<br \/>Linjurikatu 20<br \/>78200 Varkaus<br \/>Suomi Finland<\/p>\n<p style=\"text-align: center;\">P. 040 5581129<br \/><a href=\"mailto:jaana@jiiteekoo.fi\">jaana(at)jiiteekoo.fi<\/a><\/p>\n<p style=\"text-align: center;\">Aukioloajat<br \/>Ma-Pe 8-16<br \/>La-Su Suljettu<\/p>\n<p>[\/et_pb_text][\/et_pb_column][\/et_pb_row][\/et_pb_section]<\/p>\n","protected":false},"excerpt":{"rendered":"<p>JiiTeeKoo Oy on kaiverrus- ja tulostusalan moniosaaja, joka palvelee teollisuusj\u00e4ttej\u00e4, pk-yrityksi\u00e4 ja yksityisasiakkaita ymp\u00e4ri maailmaa.Tarjoamme tarkkaa lasermerkkausta, kest\u00e4v\u00e4\u00e4 timanttikaiverrusta, laadukkaita liikennemerkkituotteita sek\u00e4 n\u00e4ytt\u00e4vi\u00e4 palkintoja ja muistolaattoja. Meilt\u00e4 saat my\u00f6s opasteet, siirtomerkit, teipit ja suurkuvatulosteet \u2013 kaikki r\u00e4\u00e4t\u00e4l\u00f6ityn\u00e4 tarpeisiisi.Valikoimassamme on lis\u00e4ksi tunnettuja oheistuotteita kuten Leatherman ja LedLenser. JK-paino tarjoaa Varkaudessa laadukasta tekstiilipainatusta huppareista liikelahjoihin.Palvelemme urheiluseuroja, yrityksi\u00e4 [&hellip;]<\/p>\n","protected":false},"author":1,"featured_media":0,"parent":0,"menu_order":0,"comment_status":"closed","ping_status":"open","template":"","meta":{"_et_pb_use_builder":"on","_et_pb_old_content":"<!-- wp:paragraph -->\n<p>This is an example page. It's different from a blog post because it will stay in one place and will show up in your site navigation (in most themes). Most people start with an About page that introduces them to potential site visitors. It might say something like this:<\/p>\n<!-- \/wp:paragraph -->\n\n<!-- wp:quote -->\n<blockquote class=\"wp-block-quote\"><p>Hi there! I'm a bike messenger by day, aspiring actor by night, and this is my website. I live in Los Angeles, have a great dog named Jack, and I like pi&#241;a coladas. (And gettin' caught in the rain.)<\/p><\/blockquote>\n<!-- \/wp:quote -->\n\n<!-- wp:paragraph -->\n<p>...or something like this:<\/p>\n<!-- \/wp:paragraph -->\n\n<!-- wp:quote -->\n<blockquote class=\"wp-block-quote\"><p>The XYZ Doohickey Company was founded in 1971, and has been providing quality doohickeys to the public ever since. Located in Gotham City, XYZ employs over 2,000 people and does all kinds of awesome things for the Gotham community.<\/p><\/blockquote>\n<!-- \/wp:quote -->\n\n<!-- wp:paragraph -->\n<p>As a new WordPress user, you should go to <a href=\"https:\/\/jiiteekoo.fi\/wp-admin\/\">your dashboard<\/a> to delete this page and create new pages for your content. Have fun!<\/p>\n<!-- \/wp:paragraph -->","_et_gb_content_width":"","footnotes":""},"class_list":["post-2","page","type-page","status-publish","hentry"],"_links":{"self":[{"href":"https:\/\/jiiteekoo.fi\/index.php?rest_route=\/wp\/v2\/pages\/2","targetHints":{"allow":["GET"]}}],"collection":[{"href":"https:\/\/jiiteekoo.fi\/index.php?rest_route=\/wp\/v2\/pages"}],"about":[{"href":"https:\/\/jiiteekoo.fi\/index.php?rest_route=\/wp\/v2\/types\/page"}],"author":[{"embeddable":true,"href":"https:\/\/jiiteekoo.fi\/index.php?rest_route=\/wp\/v2\/users\/1"}],"replies":[{"embeddable":true,"href":"https:\/\/jiiteekoo.fi\/index.php?rest_route=%2Fwp%2Fv2%2Fcomments&post=2"}],"version-history":[{"count":22,"href":"https:\/\/jiiteekoo.fi\/index.php?rest_route=\/wp\/v2\/pages\/2\/revisions"}],"predecessor-version":[{"id":83,"href":"https:\/\/jiiteekoo.fi\/index.php?rest_route=\/wp\/v2\/pages\/2\/revisions\/83"}],"wp:attachment":[{"href":"https:\/\/jiiteekoo.fi\/index.php?rest_route=%2Fwp%2Fv2%2Fmedia&parent=2"}],"curies":[{"name":"wp","href":"https:\/\/api.w.org\/{rel}","templated":true}]}}